{"id":20387,"date":"2024-10-10T00:17:54","date_gmt":"2024-10-10T04:17:54","guid":{"rendered":"https:\/\/cms.organictransition.org\/global_search_item\/red-de-granos-patrimoniales-y-autoctonos\/"},"modified":"2026-03-25T20:18:17","modified_gmt":"2026-03-26T00:18:17","slug":"red-de-granos-patrimoniales-y-autoctonos","status":"publish","type":"global_search_item","link":"https:\/\/cms.organictransition.org\/es\/global_search_item\/red-de-granos-patrimoniales-y-autoctonos\/","title":{"rendered":"Red de Granos Patrimoniales y Razas Aut\u00f3ctonas"},"content":{"rendered":"<p>A lo largo de la \u00faltima d\u00e9cada ha aumentado espectacularmente el inter\u00e9s por recuperar los cereales ecol\u00f3gicos tradicionales. Se aprecia cada vez m\u00e1s su belleza, valor nutritivo, diversidad gen\u00e9tica y fascinante historia. La importancia de incorporarlos a una rotaci\u00f3n de cultivos sostenible y su adaptabilidad inherente son cualidades convincentes adicionales. Como nuestro clima sigue cambiando de forma impredecible, cada vez es m\u00e1s importante encontrar cultivos resistentes a las enfermedades y capaces de prosperar en distintas condiciones.<\/p>\n<p>Como parte de este resurgimiento, la Maine Grain Alliance ha puesto en marcha la red Heritage and Landrace Grain Network. Este sitio se ha dise\u00f1ado como un espacio en el que quienes se dedican a todos los aspectos del cultivo y el trabajo con cereales ecol\u00f3gicos patrimoniales y aut\u00f3ctonos puedan comunicarse entre s\u00ed para compartir semillas y conocimientos, colaborar en ensayos, buscar variedades raras y formar parte de la creciente comunidad de quienes comprenden la importancia de preservar y ampliar el cultivo de estos valiosos productos.<\/p>\n","protected":false},"featured_media":0,"template":"","class_list":["post-20387","global_search_item","type-global_search_item","status-publish","hentry","entry"],"acf":[],"yoast_head":"<!-- This site is optimized with the Yoast SEO Premium plugin v27.4 (Yoast SEO v27.4) - https:\/\/yoast.com\/product\/yoast-seo-premium-wordpress\/ -->\n<title>Red de Granos Patrimoniales y Razas Aut\u00f3ctonas - Transition to Organic Partnership Program<\/title>\n<meta name=\"robots\" content=\"noindex, follow, max-snippet:-1, max-image-preview:large, max-video-preview:-1\" \/>\n<meta property=\"og:locale\" content=\"es_ES\" \/>\n<meta property=\"og:type\" content=\"article\" \/>\n<meta property=\"og:title\" content=\"Red de Granos Patrimoniales y Razas Aut\u00f3ctonas\" \/>\n<meta property=\"og:description\" content=\"A lo largo de la \u00faltima d\u00e9cada ha aumentado espectacularmente el inter\u00e9s por recuperar los cereales ecol\u00f3gicos tradicionales. Se aprecia cada vez m\u00e1s su belleza, valor nutritivo, diversidad gen\u00e9tica y fascinante historia. La importancia de incorporarlos a una rotaci\u00f3n de cultivos sostenible y su adaptabilidad inherente son cualidades convincentes adicionales. Como nuestro clima sigue cambiando&hellip; Continue reading Red de Granos Patrimoniales y Razas Aut\u00f3ctonas\" \/>\n<meta property=\"og:url\" content=\"https:\/\/cms.organictransition.org\/es\/global_search_item\/red-de-granos-patrimoniales-y-autoctonos\/\" \/>\n<meta property=\"og:site_name\" content=\"Transition to Organic Partnership Program\" \/>\n<meta property=\"article:modified_time\" content=\"2026-03-26T00:18:17+00:00\" \/>\n<meta property=\"og:image\" content=\"https:\/\/cms.organictransition.org\/wp-content\/uploads\/2023\/08\/site_image.jpg\" \/>\n\t<meta property=\"og:image:width\" content=\"1525\" \/>\n\t<meta property=\"og:image:height\" content=\"801\" \/>\n\t<meta property=\"og:image:type\" content=\"image\/jpeg\" \/>\n<meta name=\"twitter:card\" content=\"summary_large_image\" \/>\n<meta name=\"twitter:label1\" content=\"Tiempo de lectura\" \/>\n\t<meta name=\"twitter:data1\" content=\"1 minuto\" \/>\n<script type=\"application\/ld+json\" class=\"yoast-schema-graph\">{\"@context\":\"https:\\\/\\\/schema.org\",\"@graph\":[{\"@type\":\"WebPage\",\"@id\":\"https:\\\/\\\/cms.organictransition.org\\\/es\\\/global_search_item\\\/red-de-granos-patrimoniales-y-autoctonos\\\/\",\"url\":\"https:\\\/\\\/cms.organictransition.org\\\/es\\\/global_search_item\\\/red-de-granos-patrimoniales-y-autoctonos\\\/\",\"name\":\"Red de Granos Patrimoniales y Razas Aut\u00f3ctonas - Transition to Organic Partnership Program\",\"isPartOf\":{\"@id\":\"https:\\\/\\\/cms.organictransition.org\\\/es\\\/#website\"},\"datePublished\":\"2024-10-10T04:17:54+00:00\",\"dateModified\":\"2026-03-26T00:18:17+00:00\",\"breadcrumb\":{\"@id\":\"https:\\\/\\\/cms.organictransition.org\\\/es\\\/global_search_item\\\/red-de-granos-patrimoniales-y-autoctonos\\\/#breadcrumb\"},\"inLanguage\":\"es\",\"potentialAction\":[{\"@type\":\"ReadAction\",\"target\":[\"https:\\\/\\\/cms.organictransition.org\\\/es\\\/global_search_item\\\/red-de-granos-patrimoniales-y-autoctonos\\\/\"]}]},{\"@type\":\"BreadcrumbList\",\"@id\":\"https:\\\/\\\/cms.organictransition.org\\\/es\\\/global_search_item\\\/red-de-granos-patrimoniales-y-autoctonos\\\/#breadcrumb\",\"itemListElement\":[{\"@type\":\"ListItem\",\"position\":1,\"name\":\"Home\",\"item\":\"https:\\\/\\\/cms.organictransition.org\\\/es\\\/\"},{\"@type\":\"ListItem\",\"position\":2,\"name\":\"Red de Granos Patrimoniales y Razas Aut\u00f3ctonas\"}]},{\"@type\":\"WebSite\",\"@id\":\"https:\\\/\\\/cms.organictransition.org\\\/es\\\/#website\",\"url\":\"https:\\\/\\\/cms.organictransition.org\\\/es\\\/\",\"name\":\"Transition to Organic Partnership Program\",\"description\":\"TOPP is a network assembled by the USDA\u2019s National Organic Program to support transitioning and organic producers with mentorship and resources.\",\"publisher\":{\"@id\":\"https:\\\/\\\/cms.organictransition.org\\\/es\\\/#organization\"},\"potentialAction\":[{\"@type\":\"SearchAction\",\"target\":{\"@type\":\"EntryPoint\",\"urlTemplate\":\"https:\\\/\\\/cms.organictransition.org\\\/es\\\/?s={search_term_string}\"},\"query-input\":{\"@type\":\"PropertyValueSpecification\",\"valueRequired\":true,\"valueName\":\"search_term_string\"}}],\"inLanguage\":\"es\"},{\"@type\":[\"Organization\",\"Place\"],\"@id\":\"https:\\\/\\\/cms.organictransition.org\\\/es\\\/#organization\",\"name\":\"Transition to Organic Partnership Program\",\"url\":\"https:\\\/\\\/cms.organictransition.org\\\/es\\\/\",\"logo\":{\"@id\":\"https:\\\/\\\/cms.organictransition.org\\\/es\\\/global_search_item\\\/red-de-granos-patrimoniales-y-autoctonos\\\/#local-main-organization-logo\"},\"image\":{\"@id\":\"https:\\\/\\\/cms.organictransition.org\\\/es\\\/global_search_item\\\/red-de-granos-patrimoniales-y-autoctonos\\\/#local-main-organization-logo\"},\"telephone\":[],\"openingHoursSpecification\":[{\"@type\":\"OpeningHoursSpecification\",\"dayOfWeek\":[\"Monday\",\"Tuesday\",\"Wednesday\",\"Thursday\",\"Friday\",\"Saturday\",\"Sunday\"],\"opens\":\"09:00\",\"closes\":\"17:00\"}]},{\"@type\":\"ImageObject\",\"inLanguage\":\"es\",\"@id\":\"https:\\\/\\\/cms.organictransition.org\\\/es\\\/global_search_item\\\/red-de-granos-patrimoniales-y-autoctonos\\\/#local-main-organization-logo\",\"url\":\"https:\\\/\\\/cms.organictransition.org\\\/wp-content\\\/uploads\\\/2023\\\/07\\\/TOPP-WestSouthwest-Logo_GreenWhite.svg\",\"contentUrl\":\"https:\\\/\\\/cms.organictransition.org\\\/wp-content\\\/uploads\\\/2023\\\/07\\\/TOPP-WestSouthwest-Logo_GreenWhite.svg\",\"width\":693,\"height\":134,\"caption\":\"Transition to Organic Partnership Program\"}]}<\/script>\n<!-- \/ Yoast SEO Premium plugin. -->","yoast_head_json":{"title":"Red de Granos Patrimoniales y Razas Aut\u00f3ctonas - Transition to Organic Partnership Program","robots":{"index":"noindex","follow":"follow","max-snippet":"max-snippet:-1","max-image-preview":"max-image-preview:large","max-video-preview":"max-video-preview:-1"},"og_locale":"es_ES","og_type":"article","og_title":"Red de Granos Patrimoniales y Razas Aut\u00f3ctonas","og_description":"A lo largo de la \u00faltima d\u00e9cada ha aumentado espectacularmente el inter\u00e9s por recuperar los cereales ecol\u00f3gicos tradicionales. Se aprecia cada vez m\u00e1s su belleza, valor nutritivo, diversidad gen\u00e9tica y fascinante historia. La importancia de incorporarlos a una rotaci\u00f3n de cultivos sostenible y su adaptabilidad inherente son cualidades convincentes adicionales. Como nuestro clima sigue cambiando&hellip; Continue reading Red de Granos Patrimoniales y Razas Aut\u00f3ctonas","og_url":"https:\/\/cms.organictransition.org\/es\/global_search_item\/red-de-granos-patrimoniales-y-autoctonos\/","og_site_name":"Transition to Organic Partnership Program","article_modified_time":"2026-03-26T00:18:17+00:00","og_image":[{"width":1525,"height":801,"url":"https:\/\/cms.organictransition.org\/wp-content\/uploads\/2023\/08\/site_image.jpg","type":"image\/jpeg"}],"twitter_card":"summary_large_image","twitter_misc":{"Tiempo de lectura":"1 minuto"},"schema":{"@context":"https:\/\/schema.org","@graph":[{"@type":"WebPage","@id":"https:\/\/cms.organictransition.org\/es\/global_search_item\/red-de-granos-patrimoniales-y-autoctonos\/","url":"https:\/\/cms.organictransition.org\/es\/global_search_item\/red-de-granos-patrimoniales-y-autoctonos\/","name":"Red de Granos Patrimoniales y Razas Aut\u00f3ctonas - Transition to Organic Partnership Program","isPartOf":{"@id":"https:\/\/cms.organictransition.org\/es\/#website"},"datePublished":"2024-10-10T04:17:54+00:00","dateModified":"2026-03-26T00:18:17+00:00","breadcrumb":{"@id":"https:\/\/cms.organictransition.org\/es\/global_search_item\/red-de-granos-patrimoniales-y-autoctonos\/#breadcrumb"},"inLanguage":"es","potentialAction":[{"@type":"ReadAction","target":["https:\/\/cms.organictransition.org\/es\/global_search_item\/red-de-granos-patrimoniales-y-autoctonos\/"]}]},{"@type":"BreadcrumbList","@id":"https:\/\/cms.organictransition.org\/es\/global_search_item\/red-de-granos-patrimoniales-y-autoctonos\/#breadcrumb","itemListElement":[{"@type":"ListItem","position":1,"name":"Home","item":"https:\/\/cms.organictransition.org\/es\/"},{"@type":"ListItem","position":2,"name":"Red de Granos Patrimoniales y Razas Aut\u00f3ctonas"}]},{"@type":"WebSite","@id":"https:\/\/cms.organictransition.org\/es\/#website","url":"https:\/\/cms.organictransition.org\/es\/","name":"Transition to Organic Partnership Program","description":"TOPP is a network assembled by the USDA\u2019s National Organic Program to support transitioning and organic producers with mentorship and resources.","publisher":{"@id":"https:\/\/cms.organictransition.org\/es\/#organization"},"potentialAction":[{"@type":"SearchAction","target":{"@type":"EntryPoint","urlTemplate":"https:\/\/cms.organictransition.org\/es\/?s={search_term_string}"},"query-input":{"@type":"PropertyValueSpecification","valueRequired":true,"valueName":"search_term_string"}}],"inLanguage":"es"},{"@type":["Organization","Place"],"@id":"https:\/\/cms.organictransition.org\/es\/#organization","name":"Transition to Organic Partnership Program","url":"https:\/\/cms.organictransition.org\/es\/","logo":{"@id":"https:\/\/cms.organictransition.org\/es\/global_search_item\/red-de-granos-patrimoniales-y-autoctonos\/#local-main-organization-logo"},"image":{"@id":"https:\/\/cms.organictransition.org\/es\/global_search_item\/red-de-granos-patrimoniales-y-autoctonos\/#local-main-organization-logo"},"telephone":[],"openingHoursSpecification":[{"@type":"OpeningHoursSpecification","dayOfWeek":["Monday","Tuesday","Wednesday","Thursday","Friday","Saturday","Sunday"],"opens":"09:00","closes":"17:00"}]},{"@type":"ImageObject","inLanguage":"es","@id":"https:\/\/cms.organictransition.org\/es\/global_search_item\/red-de-granos-patrimoniales-y-autoctonos\/#local-main-organization-logo","url":"https:\/\/cms.organictransition.org\/wp-content\/uploads\/2023\/07\/TOPP-WestSouthwest-Logo_GreenWhite.svg","contentUrl":"https:\/\/cms.organictransition.org\/wp-content\/uploads\/2023\/07\/TOPP-WestSouthwest-Logo_GreenWhite.svg","width":693,"height":134,"caption":"Transition to Organic Partnership Program"}]}},"_links":{"self":[{"href":"https:\/\/cms.organictransition.org\/es\/wp-json\/wp\/v2\/global_search_item\/20387","targetHints":{"allow":["GET"]}}],"collection":[{"href":"https:\/\/cms.organictransition.org\/es\/wp-json\/wp\/v2\/global_search_item"}],"about":[{"href":"https:\/\/cms.organictransition.org\/es\/wp-json\/wp\/v2\/types\/global_search_item"}],"wp:attachment":[{"href":"https:\/\/cms.organictransition.org\/es\/wp-json\/wp\/v2\/media?parent=20387"}],"curies":[{"name":"wp","href":"https:\/\/api.w.org\/{rel}","templated":true}]}}

Red de Granos Patrimoniales y Razas Autóctonas

<p>A lo largo de la última década ha aumentado espectacularmente el interés por recuperar los cereales ecológicos tradicionales. Se aprecia cada vez más su belleza, valor nutritivo, diversidad genética y fascinante historia. La importancia de incorporarlos a una rotación de cultivos sostenible y su adaptabilidad inherente son cualidades convincentes adicionales. Como nuestro clima sigue cambiando de forma impredecible, cada vez es más importante encontrar cultivos resistentes a las enfermedades y capaces de prosperar en distintas condiciones.</p>
<p>Como parte de este resurgimiento, la Maine Grain Alliance ha puesto en marcha la red Heritage and Landrace Grain Network. Este sitio se ha diseñado como un espacio en el que quienes se dedican a todos los aspectos del cultivo y el trabajo con cereales ecológicos patrimoniales y autóctonos puedan comunicarse entre sí para compartir semillas y conocimientos, colaborar en ensayos, buscar variedades raras y formar parte de la creciente comunidad de quienes comprenden la importancia de preservar y ampliar el cultivo de estos valiosos productos.</p>

<!-- This site is optimized with the Yoast SEO Premium plugin v27.4 (Yoast SEO v27.4) - https://yoast.com/product/yoast-seo-premium-wordpress/ -->
<title>Red de Granos Patrimoniales y Razas Autóctonas - Transition to Organic Partnership Program</title>
<meta name="robots" content="noindex, follow, max-snippet:-1, max-image-preview:large, max-video-preview:-1" />
<meta property="og:locale" content="es_ES" />
<meta property="og:type" content="article" />
<meta property="og:title" content="Red de Granos Patrimoniales y Razas Autóctonas" />
<meta property="og:description" content="A lo largo de la última década ha aumentado espectacularmente el interés por recuperar los cereales ecológicos tradicionales. Se aprecia cada vez más su belleza, valor nutritivo, diversidad genética y fascinante historia. La importancia de incorporarlos a una rotación de cultivos sostenible y su adaptabilidad inherente son cualidades convincentes adicionales. Como nuestro clima sigue cambiando&hellip; Continue reading Red de Granos Patrimoniales y Razas Autóctonas" />
<meta property="og:url" content="https://cms.organictransition.org/es/global_search_item/red-de-granos-patrimoniales-y-autoctonos/" />
<meta property="og:site_name" content="Transition to Organic Partnership Program" />
<meta property="article:modified_time" content="2026-03-26T00:18:17+00:00" />
<meta property="og:image" content="https://cms.organictransition.org/wp-content/uploads/2023/08/site_image.jpg" />
	<meta property="og:image:width" content="1525" />
	<meta property="og:image:height" content="801" />
	<meta property="og:image:type" content="image/jpeg" />
<meta name="twitter:card" content="summary_large_image" />
<meta name="twitter:label1" content="Tiempo de lectura" />
	<meta name="twitter:data1" content="1 minuto" />
<script type="application/ld+json" class="yoast-schema-graph">{"@context":"https:\/\/schema.org","@graph":[{"@type":"WebPage","@id":"https:\/\/cms.organictransition.org\/es\/global_search_item\/red-de-granos-patrimoniales-y-autoctonos\/","url":"https:\/\/cms.organictransition.org\/es\/global_search_item\/red-de-granos-patrimoniales-y-autoctonos\/","name":"Red de Granos Patrimoniales y Razas Autóctonas - Transition to Organic Partnership Program","isPartOf":{"@id":"https:\/\/cms.organictransition.org\/es\/#website"},"datePublished":"2024-10-10T04:17:54+00:00","dateModified":"2026-03-26T00:18:17+00:00","breadcrumb":{"@id":"https:\/\/cms.organictransition.org\/es\/global_search_item\/red-de-granos-patrimoniales-y-autoctonos\/#breadcrumb"},"inLanguage":"es","potentialAction":[{"@type":"ReadAction","target":["https:\/\/cms.organictransition.org\/es\/global_search_item\/red-de-granos-patrimoniales-y-autoctonos\/"]}]},{"@type":"BreadcrumbList","@id":"https:\/\/cms.organictransition.org\/es\/global_search_item\/red-de-granos-patrimoniales-y-autoctonos\/#breadcrumb","itemListElement":[{"@type":"ListItem","position":1,"name":"Home","item":"https:\/\/cms.organictransition.org\/es\/"},{"@type":"ListItem","position":2,"name":"Red de Granos Patrimoniales y Razas Autóctonas"}]},{"@type":"WebSite","@id":"https:\/\/cms.organictransition.org\/es\/#website","url":"https:\/\/cms.organictransition.org\/es\/","name":"Transition to Organic Partnership Program","description":"TOPP is a network assembled by the USDA’s National Organic Program to support transitioning and organic producers with mentorship and resources.","publisher":{"@id":"https:\/\/cms.organictransition.org\/es\/#organization"},"potentialAction":[{"@type":"SearchAction","target":{"@type":"EntryPoint","urlTemplate":"https:\/\/cms.organictransition.org\/es\/?s={search_term_string}"},"query-input":{"@type":"PropertyValueSpecification","valueRequired":true,"valueName":"search_term_string"}}],"inLanguage":"es"},{"@type":["Organization","Place"],"@id":"https:\/\/cms.organictransition.org\/es\/#organization","name":"Transition to Organic Partnership Program","url":"https:\/\/cms.organictransition.org\/es\/","logo":{"@id":"https:\/\/cms.organictransition.org\/es\/global_search_item\/red-de-granos-patrimoniales-y-autoctonos\/#local-main-organization-logo"},"image":{"@id":"https:\/\/cms.organictransition.org\/es\/global_search_item\/red-de-granos-patrimoniales-y-autoctonos\/#local-main-organization-logo"},"telephone":[],"openingHoursSpecification":[{"@type":"OpeningHoursSpecification","dayOfWeek":["Monday","Tuesday","Wednesday","Thursday","Friday","Saturday","Sunday"],"opens":"09:00","closes":"17:00"}]},{"@type":"ImageObject","inLanguage":"es","@id":"https:\/\/cms.organictransition.org\/es\/global_search_item\/red-de-granos-patrimoniales-y-autoctonos\/#local-main-organization-logo","url":"https:\/\/cms.organictransition.org\/wp-content\/uploads\/2023\/07\/TOPP-WestSouthwest-Logo_GreenWhite.svg","contentUrl":"https:\/\/cms.organictransition.org\/wp-content\/uploads\/2023\/07\/TOPP-WestSouthwest-Logo_GreenWhite.svg","width":693,"height":134,"caption":"Transition to Organic Partnership Program"}]}</script>
<!-- / Yoast SEO Premium plugin. -->

Red de Granos Patrimoniales y Razas Autóctonas - Transition to Organic Partnership Program

A lo largo de la última década ha aumentado espectacularmente el interés por recuperar los cereales ecológicos tradicionales. Se aprecia cada vez más su belleza, valor nutritivo, diversidad genética y fascinante historia. La importancia de incorporarlos a una rotación de cultivos sostenible y su adaptabilidad inherente son cualidades convincentes adicionales. Como nuestro clima sigue cambiando&hellip; Continue reading Red de Granos Patrimoniales y Razas Autóctonas
